{"id":158,"date":"2020-08-16T18:35:21","date_gmt":"2020-08-16T21:35:21","guid":{"rendered":"http:\/\/soslitoral.com.br\/site\/?page_id=158"},"modified":"2020-08-24T18:48:51","modified_gmt":"2020-08-24T21:48:51","slug":"banheiros-quimicos","status":"publish","type":"page","link":"http:\/\/soslitoral.com.br\/site\/produtos-e-servicos\/banheiros-quimicos\/","title":{"rendered":"Banheiros Qu\u00edmicos"},"content":{"rendered":"\n<p>Sanit\u00e1rios qu\u00edmicos s\u00e3o cabines port\u00e1teis com caixa de dejetos, onde atua uma mistura de \u00e1gua e produto qu\u00edmico que degrada o material s\u00f3lido. Os sanit\u00e1rios qu\u00edmicos n\u00e3o poluem o ambiente e s\u00e3o biodegrad\u00e1veis.<\/p>\n\n\n\n<p>As unidades s\u00e3o aut\u00f4nomas e n\u00e3o precisam de instala\u00e7\u00e3o de \u00e1gua corrente nem esgoto. S\u00e3o de uso comum nas obras e de f\u00e1cil limpeza e manuten\u00e7\u00e3o.<\/p>\n\n\n\n<p>Os banheiros qu\u00edmicos s\u00e3o indicados para eventos esportivos, feiras, conven\u00e7\u00f5es, camping, paradas de \u00f4nibus em estradas, carnaval, pra\u00e7as, feiras livres, locais tur\u00edsticos, festas religiosas, canteiros de obras, esta\u00e7\u00f5es ferrovi\u00e1rias, entre outras ocasi\u00f5es.<\/p>\n\n\n\n<p>Alugamos banheiros quimicos para qualquer tipo de evento e canteiro de obras.<\/p>\n\n\n\n<a href=\"http:\/\/soslitoral.com.br\/site\/produtos-e-servicos\/\" class=\"button minimal\">Retornar \u00e0 p\u00e1gina anterior<\/a>\n","protected":false},"excerpt":{"rendered":"<p>Sanit\u00e1rios qu\u00edmicos s\u00e3o cabines port\u00e1teis com caixa de dejetos, onde atua uma mistura de \u00e1gua e produto qu\u00edmico que degrada o material s\u00f3lido. Os sanit\u00e1rios qu\u00edmicos n\u00e3o poluem o ambiente e s\u00e3o biodegrad\u00e1veis. As unidades s\u00e3o aut\u00f4nomas e n\u00e3o precisam de instala\u00e7\u00e3o de \u00e1gua corrente nem esgoto. S\u00e3o de uso comum nas obras e de &hellip; <a href=\"http:\/\/soslitoral.com.br\/site\/produtos-e-servicos\/banheiros-quimicos\/\" class=\"more-link\">Continue lendo <span class=\"screen-reader-text\">Banheiros Qu\u00edmicos<\/span><\/a><\/p>\n","protected":false},"author":1,"featured_media":221,"parent":169,"menu_order":0,"comment_status":"closed","ping_status":"closed","template":"full-width-page.php","meta":[],"_links":{"self":[{"href":"http:\/\/soslitoral.com.br\/site\/wp-json\/wp\/v2\/pages\/158"}],"collection":[{"href":"http:\/\/soslitoral.com.br\/site\/wp-json\/wp\/v2\/pages"}],"about":[{"href":"http:\/\/soslitoral.com.br\/site\/wp-json\/wp\/v2\/types\/page"}],"author":[{"embeddable":true,"href":"http:\/\/soslitoral.com.br\/site\/wp-json\/wp\/v2\/users\/1"}],"replies":[{"embeddable":true,"href":"http:\/\/soslitoral.com.br\/site\/wp-json\/wp\/v2\/comments?post=158"}],"version-history":[{"count":3,"href":"http:\/\/soslitoral.com.br\/site\/wp-json\/wp\/v2\/pages\/158\/revisions"}],"predecessor-version":[{"id":176,"href":"http:\/\/soslitoral.com.br\/site\/wp-json\/wp\/v2\/pages\/158\/revisions\/176"}],"up":[{"embeddable":true,"href":"http:\/\/soslitoral.com.br\/site\/wp-json\/wp\/v2\/pages\/169"}],"wp:featuredmedia":[{"embeddable":true,"href":"http:\/\/soslitoral.com.br\/site\/wp-json\/wp\/v2\/media\/221"}],"wp:attachment":[{"href":"http:\/\/soslitoral.com.br\/site\/wp-json\/wp\/v2\/media?parent=158"}],"curies":[{"name":"wp","href":"https:\/\/api.w.org\/{rel}","templated":true}]}}